{"id":73,"date":"2022-04-20T17:58:41","date_gmt":"2022-04-20T15:58:41","guid":{"rendered":"https:\/\/linos-denia.com\/wordpress\/?page_id=73"},"modified":"2026-04-14T09:46:32","modified_gmt":"2026-04-14T07:46:32","slug":"menue-6-gaenge","status":"publish","type":"page","link":"https:\/\/linos-denia.com\/wordpress\/menue-6-gaenge\/","title":{"rendered":"Degustationsmen\u00fc"},"content":{"rendered":"\n<h3 class=\"wp-block-heading has-text-align-center\"><strong>Erlebnisreise durch <\/strong>Lino\u2019s <strong>Genusswelten<\/strong><\/h3>\n\n\n\n<h3 class=\"wp-block-heading has-text-align-center has-small-font-size\"><br><br>g\u00fcltig ab 7.4.2026<br><\/h3>\n\n\n\n<p class=\"has-text-align-center has-small-font-size\">K\u00f6rbchen mit hausgemachtem, gemischtem Brot,<br>dazu Kr\u00e4uter-Quark und Guacamole<\/p>\n\n\n\n<p class=\"has-text-align-center has-small-font-size\">*****<\/p>\n\n\n\n<p class=\"has-text-align-center has-small-font-size\"><strong>Spargel \u00e0 la Parmigiana,<\/strong><br>wei\u00dfer Spargel mit Parmesan gratiniert<\/p>\n\n\n\n<p class=\"has-text-align-center has-small-font-size\">*****<\/p>\n\n\n\n<p class=\"has-text-align-center has-small-font-size\"><strong><strong>Tom kha kai<\/strong><\/strong><br>mit H\u00fchnchenbrust-Spie\u00df.<\/p>\n\n\n\n<p class=\"has-text-align-center has-small-font-size\">*****<\/p>\n\n\n\n<p class=\"has-text-align-center has-small-font-size\"><strong>Supreme von der Wachtel<\/strong><br>Keule und Brust von der Wachtel, <br>serviert auf Beluga-Linsen-Salat<br><\/p>\n\n\n\n<p class=\"has-text-align-center has-small-font-size\">*****<\/p>\n\n\n\n<p class=\"has-text-align-center has-small-font-size\"><strong>Duroc Schweinefilet<\/strong>,<br>sous vide zart gegart,<br>mit Pfeffer-Portwein-Sauce,<br>dazu Kartoffelstampf und<br>ged\u00e4mpftes Brokkoli-Gem\u00fcse<\/p>\n\n\n\n<p class=\"has-text-align-center has-small-font-size\">*****<\/p>\n\n\n\n<p class=\"has-text-align-center has-small-font-size\"><strong>Schokoladen-Eis<\/strong><br>mit einem &#8220;Marrakesch&#8221;-Topping<br><\/p>\n\n\n\n<p><\/p>\n\n\n\n<p class=\"has-text-align-center has-small-font-size\"><strong>\u20ac 49 p.P. <\/strong><\/p>\n\n\n\n<p><\/p>\n\n\n\n<p class=\"has-text-align-center has-small-font-size\">\u00c4nderungen nach Ihren W\u00fcnschen <br>und vorheriger Absprache m\u00f6glich!<\/p>\n","protected":false},"excerpt":{"rendered":"<p>Erlebnisreise durch Lino\u2019s Genusswelten g\u00fcltig ab 7.4.2026 K\u00f6rbchen mit hausgemachtem, gemischtem Brot,dazu Kr\u00e4uter-Quark und Guacamole ***** Spargel \u00e0 la Parmigiana,wei\u00dfer Spargel mit Parmesan gratiniert ***** Tom kha kaimit H\u00fchnchenbrust-Spie\u00df. ***** Supreme von der WachtelKeule und Brust von der Wachtel, serviert auf Beluga-Linsen-Salat ***** Duroc Schweinefilet,sous vide zart gegart,mit Pfeffer-Portwein-Sauce,dazu Kartoffelstampf undged\u00e4mpftes Brokkoli-Gem\u00fcse ***** Schokoladen-Eismit einem &hellip; <a href=\"https:\/\/linos-denia.com\/wordpress\/menue-6-gaenge\/\" class=\"more-link\"><span class=\"screen-reader-text\">Degustationsmen\u00fc<\/span> weiterlesen <span class=\"meta-nav\">&rarr;<\/span><\/a><\/p>\n","protected":false},"author":1,"featured_media":0,"parent":0,"menu_order":0,"comment_status":"closed","ping_status":"closed","template":"","meta":{"footnotes":""},"class_list":["post-73","page","type-page","status-publish","hentry"],"_links":{"self":[{"href":"https:\/\/linos-denia.com\/wordpress\/wp-json\/wp\/v2\/pages\/73","targetHints":{"allow":["GET"]}}],"collection":[{"href":"https:\/\/linos-denia.com\/wordpress\/wp-json\/wp\/v2\/pages"}],"about":[{"href":"https:\/\/linos-denia.com\/wordpress\/wp-json\/wp\/v2\/types\/page"}],"author":[{"embeddable":true,"href":"https:\/\/linos-denia.com\/wordpress\/wp-json\/wp\/v2\/users\/1"}],"replies":[{"embeddable":true,"href":"https:\/\/linos-denia.com\/wordpress\/wp-json\/wp\/v2\/comments?post=73"}],"version-history":[{"count":175,"href":"https:\/\/linos-denia.com\/wordpress\/wp-json\/wp\/v2\/pages\/73\/revisions"}],"predecessor-version":[{"id":770,"href":"https:\/\/linos-denia.com\/wordpress\/wp-json\/wp\/v2\/pages\/73\/revisions\/770"}],"wp:attachment":[{"href":"https:\/\/linos-denia.com\/wordpress\/wp-json\/wp\/v2\/media?parent=73"}],"curies":[{"name":"wp","href":"https:\/\/api.w.org\/{rel}","templated":true}]}}